s divided by 26.
6
Let r = 11220 - 3493. Calculate the remainder when r is divided by 92.
91
Suppose v + v + t + 43 = 0, -2*t = -4*v - 98. Let n = v - -64. Suppose -114 = -s + 3*a, -79 - 51 = -s - 5*a. What is the remainder when s is divided by n?
38
Let i = 4429 - 4373. What is the remainder when 330 is divided by i?
50
Let m(s) = 3*s**2 - 7*s - 2. Let n be m(6). Suppose 3*q - 5*q - g = -n, 5*q + 2*g = 161. Calculate the remainder when 57 is divided by q.
24
Let f(z) = 59*z - 2. Suppose -2*c + 66 = 2*k, 458*c + 5*k - 21 = 459*c. What is the remainder when f(4) is divided by c?
18
Suppose -5*f + 690 = 2*c, 4*f = 4*c + c + 585. Suppose 22*m = 18*m - f. Let o = 96 + m. Calculate the remainder when o is divided by 17.
10
What is the remainder when ((-30)/(-8))/((-1)/(-40)) is divided by 272/7 + 2 - (-6)/(-7)?
30
Let i(z) = 3*z**3 + 119*z**2 + 78*z + 548. What is the remainder when i(-39) is divided by 115?
88
Let o(k) = 50*k**3 + 11*k**2 - 8*k + 117. Calculate the remainder when o(6) is divided by 86.
85
Let z(i) = -i**2 + 33*i - 14. Let y be z(33). Calculate the remainder when 22 - ((-6)/y + (-50)/35) is divided by 3.
2
Let y be (-18)/(-30) + (88/(-5) - 1). What is the remainder when 83 is divided by 2 - 1 - (-6)/y*-33?
11
Let a(r) = 13*r + 178. What is the remainder when 149 is divided by a(-12)?
17
Let y(l) = l**2 - 6. Let c be y(-3). Suppose -t - c = -20. What is the remainder when t is divided by 9?
8
Suppose -12 - 4 = 4*h, -2*h = -z + 67. Let k(f) = 35*f - 647. What is the remainder when z is divided by k(19)?
5
Let j = -70 - -76. Suppose -4*s + j*c + 70 = 7*c, s - 4*c = 9. Calculate the remainder when 30 is divided by s.
13
Suppose 5*k + 82 - 457 = 0. Let d = -54 + 62. Suppose -k = -d*h + 5*h. What is the remainder when h is divided by 9?
7
What is the remainder when (1280/70 + -18)*707/2 is divided by (2*16/(-6))/(4/(-6))?
5
Suppose -180*k + 232288 + 859348 + 167464 = 0. Calculate the remainder when k is divided by 50.
45
Suppose 2006 = 31*h + 549. Let u(l) = 4*l - 20. What is the remainder when h is divided by u(8)?
11
Let s(d) = d**2 - 2*d - 1. What is the remainder when 38 - ((-9)/(-6)*(3 - 1))/3 is divided by s(-2)?
2
Suppose 2*q - 2076 = -5*y, 93 = -4*y - q + 1752. Suppose 8*m = 5*m - 15, y = 4*j - 2*m. What is the remainder when j is divided by 21?
17
Suppose -4*z = -61 - 35. Let b be (6/2 + 33)/((-6)/(-8)). Suppose 5*d + b = 763. What is the remainder when d is divided by z?
23
Let a = 14904 - 14866. Calculate the remainder when 445 is divided by a.
27
Let z(s) = 11*s**2 + s**3 - 5*s**2 - 4 + 3 - 2*s. Let x = 8201 - 8170. Calculate the remainder when x is divided by z(-6).
9
Suppose v - 5*v + 232 = 0. Suppose 4*p = -5*k + v, -2*k + 40 = p - 5*p. What is the remainder when 263 is divided by k?
11
Let v(w) = -2*w**3 - 17*w**2 - 27*w - 62. Calculate the remainder when v(-10) is divided by 170.
168
Suppose -o = 2*m - 264, 9*o = 8*o + 2*m + 280. Let a = -254 + o. Calculate the remainder when 69 is divided by a.
15
Suppose g - 4*f = 27, -12*f = -15*f - 3. Calculate the remainder when g is divided by 0 + (0 - 5) - -12.
2
Suppose 5*y - 10 = 0, -d + 65 = 4*d - 5*y. Let z(n) = 2*n**2 + 73*n + 122. Calculate the remainder when z(-40) is divided by d.
12
Let i = -336 + 300. What is the remainder when (-2)/9 - 1772/i is divided by 17?
15
Suppose -2*t = 2*o - 62, -3*t - o + 22 = -69. Suppose 52 = -t*s + 34*s. Suppose -b + 2*b = s. Calculate the remainder when 25 is divided by b.
12
Let l(g) = g**2 - 37*g + 161. Let s be l(5). Suppose 4*y - 17 = 5*y + 4*c, 11 = y - 3*c. Calculate the remainder when ((s + 631)/(-4))/y is divided by 32.
30
Let l(y) = 5*y**3 - y**2. Let f(z) be the first derivative of 11*z**2/2 - 347*z + 31. What is the remainder when f(32) is divided by l(1)?
1
Suppose 5*v - 5*u = 272 + 243, -u = -5*v + 523. Let t = v - 7. Calculate the remainder when t is divided by 25.
23
Let m(h) = 5*h - 10. Let w be m(3). Suppose 2*d = -4*f - 212, 0 = 2*d + w*f + 214 + 3. What is the remainder when d/(-20)*((-4)/(-3) - -2) is divided by 9?
7
Suppose -363 = -3*a - 3*u, -524 = -4*a - 0*u + 4*u. What is the remainder when a is divided by 77?
49
What is the remainder when 6333 is divided by (-36)/1*7150/(-975)?
261
Let q(z) = -39*z + 10. Suppose 0 = -j - j - 3*r - 11, -4*j = 3*r + 7. Suppose -j*p - p + 285 = 0. Calculate the remainder when p is divided by q(-1).
46
Let y(m) = -9*m - 7. Let z(t) = 137*t + 94. Calculate the remainder when z(1) is divided by y(-6).
43
Suppose 40 = 27*j - 26*j. Let m = j - 38. Suppose 97 = 5*y + 3*i, 4*y = m*i + 34 + 48. What is the remainder when 158 is divided by y?
18
Let y be 7 + -3 + 1/1. Suppose -2*r + 4*j = -68, y*j - 16 = r - 44. Let v(k) = -58*k - 5557. What is the remainder when r is divided by v(-96)?
5
What is the remainder when 13871136/3009 - (-6)/51 is divided by 165?
155
Let s(i) = i**2 + 6*i - 24. What is the remainder when s(21) is divided by 143?
114
Let s(v) = 562*v**3 + 9*v**2 - 48*v + 33. What is the remainder when s(2) is divided by 15?
14
Suppose g - 2*m - 137 = 0, -4*m + 29 - 49 = 0. Let d(b) = 5*b**2 + 4*b + 1. What is the remainder when g is divided by d(-3)?
25
Suppose 6*j = j + 85. Suppose -2*x - 458 = -4*x. Let f = -163 + x. Calculate the remainder when f is divided by j.
15
Let q = 12497 + -12065. Calculate the remainder when q is divided by 91.
68
Calculate the remainder when 9221 is divided by 178398/2057 - (-6)/22.
86
Calculate the remainder when (-5350)/(-25)*(0 + 1/2) is divided by 58.
49
Let h = 63 + -34. Let r(w) = 2*w**3 - 19*w**2 - 2*w - 69. What is the remainder when h is divided by r(10)?
7
Let c be (-10)/(-3) - (-2)/9*3. Let o be ((-44)/(-77))/(c/238). Suppose 0 = -2*z + 4*z - o. What is the remainder when 56 is divided by z?
5
Calculate the remainder when 445 is divided by 48*2/(-15)*(-6 - (0 + -1)).
29
Suppose 48 = 7*x - 4*o - 221, 0 = 3*x + 3*o - 87. What is the remainder when (-502)/(-7) + 2/7 is divided by x?
2
Let y(c) = c**2 - 13*c + 29. Calculate the remainder when y(16) is divided by 12/(-8)*-8 + 1.
12
Let j(u) = -u**2 + 14*u + 27. Suppose 3*q - 60 = -3*s, 2*s - 5*s - 2*q = -62. Let r = s - -58. What is the remainder when r is divided by j(14)?
26
Let s(j) = 3*j**2 - 1. What is the remainder when 234 is divided by s(5)?
12
Let m = -157 - -176. Suppose 14*b = m*b - 110. What is the remainder when 55 is divided by b?
11
Suppose -v + 3*v = -4*p + 390, -825 = -4*v + p. Calculate the remainder when v is divided by -6*1/1 + 42 + 135/(-5).
7
Let h = 1745 + -1688. What is the remainder when 623 is divided by h?
53
Suppose -13*a + 6*a = 0. Let f(w) = 10*w - 3. What is the remainder when f(7) is divided by (-13)/((-26)/28) + a?
11
Suppose -471*r + 38285 = 764*r. Suppose 0 = -2*w + 8, -y - y = -5*w - 24. What is the remainder when r is divided by y?
9
Suppose -44*n = 20*n - 74215 - 835929. What is the remainder when n is divided by 56?
53
Let i(z) = 52*z**2 - z - 2. Let h be 8/36 + (-22)/18. Calculate the remainder when i(h) is divided by 4/38 - 19720/(-1102).
15
Let x be 58/12 + (-30)/36. Suppose 6*m = 3*n + x*m - 33, 4*m = -4*n + 24. What is the remainder when 107 is divided by n?
8
Let x = -4243 + 4253. Calculate the remainder when 388 is divided by x.
8
Suppose 119 = 7*t - 91. Suppose -t*f = -26*f - 476. Let g = f - -4. Calculate the remainder when g is divided by 25.
23
Let z = -16485 - -16509. What is the remainder when 6287 is divided by z?
23
Let w be 15 + (6 - 13) + -6. Suppose 0 = m + 3*n - 26, -14 = -w*n - 4. Calculate the remainder when 48 is divided by m.
4
Let z(b) = -2*b**2 - 46*b - 241. Let k(h) = h**2 + 2*h + 3. Let p(y) = -3*k(y) - z(y). Calculate the remainder when p(43) is divided by 35.
33
Let r(n) be the first derivative of 43*n**2/2 - 164*n - 221. What is the remainder when 29 is divided by r(4)?
5
Suppose 7 = o - 31. Let h = 29 - o. Let a = 1 - h. What is the remainder when 29 is divided by a?
9
Let c(o) = o**3 - 36*o**2 + 53*o + 91. What is the remainder when c(35) is divided by 19?
18
Let y = 4202 - 4170. What is the remainder when 696 is divided by y?
24
Let g = 2334 - 1858. What is the remainder when g is divided by 72?
44
Suppose -57*r - 2*w = -53*r - 104, -4*r + w + 116 = 0. Calculate the remainder when 1985 is divided by r.
25
Let l(o) = 15*o 